{"id":110,"date":"2016-03-18T22:41:33","date_gmt":"2016-03-18T21:41:33","guid":{"rendered":"http:\/\/bebizeit.werbeagentur-webagentur-kreativagentur.de\/?page_id=110"},"modified":"2022-06-03T22:36:56","modified_gmt":"2022-06-03T20:36:56","slug":"honorar","status":"publish","type":"page","link":"https:\/\/staging.bebizeit.de\/?page_id=110","title":{"rendered":"Honorar"},"content":{"rendered":"<h2>Hebammenhilfe<\/h2>\n<p>kann von jeder Frau in Anspruch genommen werden. Die meisten Leistungen werden von den Krankenkassen getragen und nach Vorlage des Versicherungsk\u00e4rtchens direkt abgerechnet. Einzelne Krankenkassen erstatten ganz oder teilweise auch zus\u00e4tzliche Hebammenleistungen, Kinderwunschberatung, Schreibabyberatung, Babymassage- oder Geburtsvorbereitungskurse. Bitte bringen Sie auf jeden Fall ihr Versichertenk\u00e4rtchen mit und erkundigen Sie sich bei Ihrer Krankenkasse.<br \/>\nSind Sie privat versichert, sollten Sie sich mit Ihrer Krankenkasse in Verbindung setzen, um zu kl\u00e4ren, welche Leistungen \u00fcbernommen werden.<\/p>\n<h2>Individuelle psychologische Beratungen und Hilfsangebote<\/h2>\n<p>Psychologische Krisenintervention kann, vorwiegend als Kurzzeitbehandlung, auch von jeder Frau oder jedem Vater in Anspruch genommen werden. Die meisten Leistungen werden allerdings nicht von den gesetzlichen Krankenkassen getragen. Einzelne Krankenkassen, vorwiegend private, erstatten trotzdem ganz oder teilweise die psychologische Beratung f\u00fcr Babys mit Schreiproblematik. Es lohnt sich auf jeden Fall bei Ihrer Krankenkasse nachzufragen, denn auch Teilkosten\u00fcbernahme ist m\u00f6glich.<br \/>\nNach erfolgter Behandlung bekommen Sie eine Rechnung von mir ausgestellt. Das Honorar f\u00fcr alle Beratungen berechne ich grunds\u00e4tzlich nach Zeitaufwand und in Euro:<\/p>\n<table class=\"tabelle\">\n<tbody>\n<tr>\n<td>Erstgespr\u00e4ch<\/td>\n<td>90 Minuten<\/td>\n<td>\u00a0120,-<\/td>\n<\/tr>\n<tr>\n<td>Weiteres Gespr\u00e4ch<\/td>\n<td>\u00a050 Minuten<\/td>\n<td>\u00a0 \u00a080,-<\/td>\n<\/tr>\n<tr>\n<td>Telefonische Beratung<\/td>\n<td>\u00a015 Minuten<\/td>\n<td>\u00a0 \u00a025,-<\/td>\n<\/tr>\n<tr>\n<td>Fahrtkostenpauschale Hausbesuch<\/td>\n<td>Stadtgebiet Wiesbaden<\/td>\n<td>\u00a0 \u00a030,-<\/td>\n<\/tr>\n<tr>\n<td>Fahrtkostenpauschale Hausbesuch<\/td>\n<td>au\u00dferhalb Stadt Wiesbaden<\/td>\n<td>Individuell nach Zeitaufwand<\/td>\n<\/tr>\n<\/tbody>\n<\/table>\n<p><span style=\"color: #808080;\"><em>Noch ein Hinweis zur Fairness Anderen gegen\u00fcber, die dringend auf einen Termin warten: Sagen Sie vereinbarte Termine, die Sie nicht in Anspruch nehmen m\u00f6chten mindestens 24 Stunden vorher ab, sie werden sonst in Rechnung gestellt.<\/em><\/span><\/p>\n","protected":false},"excerpt":{"rendered":"<p>Hebammenhilfe kann von jeder Frau in Anspruch genommen werden. Die meisten Leistungen werden von den Krankenkassen getragen und nach Vorlage des Versicherungsk\u00e4rtchens direkt abgerechnet. Einzelne Krankenkassen erstatten ganz oder teilweise auch zus\u00e4tzliche Hebammenleistungen, Kinderwunschberatung, Schreibabyberatung, Babymassage- oder Geburtsvorbereitungskurse. Bitte bringen Sie auf jeden Fall ihr Versichertenk\u00e4rtchen mit und erkundigen Sie sich bei Ihrer Krankenkasse. Sind &hellip; <a href=\"https:\/\/staging.bebizeit.de\/?page_id=110\" class=\"more-link\"><span class=\"screen-reader-text\">Honorar<\/span> weiterlesen <span class=\"meta-nav\">&rarr;<\/span><\/a><\/p>\n","protected":false},"author":1,"featured_media":0,"parent":0,"menu_order":0,"comment_status":"closed","ping_status":"closed","template":"","meta":{"jetpack_post_was_ever_published":false},"jetpack-related-posts":[{"id":114,"url":"https:\/\/staging.bebizeit.de\/?page_id=114","url_meta":{"origin":110,"position":0},"title":"Hebammenhilfe","date":"18. M\u00e4rz 2016","format":false,"excerpt":"Information f\u00fcr Schwangere, die eine Wochenbettbetreuung zu Hause nach der Geburt suchen: Ich biete Wochenbettbetreuungen nur in Wiesbaden- Biebrich an!\u00a0Bitte geben Sie bei Anfragen deshalb unbedingt ihre Adresse und den errechneten Entbindungstermin an. Vielen Dank! Was steht Ihnen zu? Die Hebamme ist die Fachfrau rund um die Schwangerschaft, Geburt und\u2026","rel":"","context":"\u00c4hnlicher Beitrag","img":{"alt_text":"storch","src":"https:\/\/i0.wp.com\/staging.bebizeit.de\/wp-content\/uploads\/2016\/03\/storch-290x300.jpg?resize=350%2C200&ssl=1","width":350,"height":200},"classes":[]},{"id":112,"url":"https:\/\/staging.bebizeit.de\/?page_id=112","url_meta":{"origin":110,"position":1},"title":"Hilfsangebot","date":"18. M\u00e4rz 2016","format":false,"excerpt":"Rund um die Bebizeit gibt es unterschiedliche Hilfs- und Beratungsangebote. Sie unterscheiden sich durch den spezifischen Zeitpunkt, die unterschiedliche Zeitdauer und nach den ganz besonderen, pers\u00f6nlichen Themenschwerpunkten, zu denen Hilfe angefragt werden kann. 1. Individuelle psychologische Beratung zur Krisenintervention und oft als Kurzzeitbehandlung f\u00fcr Babys\u00a0, die viel schreien, schlecht schlafen\u2026","rel":"","context":"\u00c4hnlicher Beitrag","img":{"alt_text":"","src":"","width":0,"height":0},"classes":[]},{"id":106,"url":"https:\/\/staging.bebizeit.de\/?page_id=106","url_meta":{"origin":110,"position":2},"title":"M\u00fctter","date":"18. M\u00e4rz 2016","format":false,"excerpt":"Egal wie lange eine Frau bereits Mutter ist und wie egal wie klein oder gro\u00df ihr Baby ist, es kann zu jeder Zeit dr\u00e4ngende Fragen oder Sorgen geben, die Anlass geben, nach kompetenter Hilfe zu suchen. Das alte Sprichwort: Kleine Kinder \u2013 kleine Sorgen, gro\u00dfe Kinder \u2013 gro\u00dfe Sorgen\u00a0ist dabei\u2026","rel":"","context":"\u00c4hnlicher Beitrag","img":{"alt_text":"","src":"https:\/\/i0.wp.com\/staging.bebizeit.de\/wp-content\/uploads\/2016\/03\/kaenguru_hellerbeutel_gerade-211x300.jpg?resize=350%2C200&ssl=1","width":350,"height":200},"classes":[]},{"id":281,"url":"https:\/\/staging.bebizeit.de\/?page_id=281","url_meta":{"origin":110,"position":3},"title":"Datenschutz","date":"14. April 2016","format":false,"excerpt":"Datenschutzerkl\u00e4rung: Die Betreiber dieser\u00a0Seiten nehmen den Schutz Ihrer pers\u00f6nlichen Daten sehr ernst. Wir behandeln Ihre personenbezogenen Daten vertraulich und entsprechend der gesetzlichen Datenschutzvorschriften sowie dieser\u00a0Datenschutzerkl\u00e4rung. Die Nutzung unserer Webseite ist in der Regel ohne Angabe personenbezogener Daten m\u00f6glich. Soweit auf unseren Seiten personenbezogene Daten (beispielsweise\u00a0Name, Anschrift oder E-Mail-Adressen) erhoben werden,\u2026","rel":"","context":"\u00c4hnlicher Beitrag","img":{"alt_text":"","src":"","width":0,"height":0},"classes":[]},{"id":102,"url":"https:\/\/staging.bebizeit.de\/?page_id=102","url_meta":{"origin":110,"position":4},"title":"Schwangere","date":"18. M\u00e4rz 2016","format":false,"excerpt":"Ob eine Schwangerschaft geplant und gew\u00fcnscht ist, oder sich gerade nicht zum rechten Zeitpunkt eingestellt hat, oder sogar v\u00f6llig ungeplant und unerw\u00fcnscht eingetreten ist, - sie kann in jeden Fall heftige Gef\u00fchle zwischen Akzeptanz und Ablehnung mit sich bringen. Diese sogenannte Ambivalenz ist ganz normal. Trotzdem fragt sich jede Schwangere,\u2026","rel":"","context":"\u00c4hnlicher Beitrag","img":{"alt_text":"","src":"https:\/\/i0.wp.com\/staging.bebizeit.de\/wp-content\/uploads\/2016\/03\/wunschschwangere-202x300.jpg?resize=350%2C200&ssl=1","width":350,"height":200},"classes":[]},{"id":98,"url":"https:\/\/staging.bebizeit.de\/?page_id=98","url_meta":{"origin":110,"position":5},"title":"Wunschkind","date":"18. M\u00e4rz 2016","format":false,"excerpt":"Nicht f\u00fcr alle Paare ist es selbstverst\u00e4ndlich selbstbestimmt in die Familienplanung zu starten und sich dem Lauf der Natur hinzugeben. Ganz im Gegenteil: sie haben gro\u00dfe Anstrengungen auf sich genommen, nach Plan gelebt und geliebt und auch medizinische Hilfe in Anspruch genommen. Doch nun ist es endlich soweit, das Wunschkind\u2026","rel":"","context":"\u00c4hnlicher Beitrag","img":{"alt_text":"schwalben","src":"https:\/\/i0.wp.com\/staging.bebizeit.de\/wp-content\/uploads\/2016\/03\/schwalben-290x300.jpg?resize=350%2C200&ssl=1","width":350,"height":200},"classes":[]}],"jetpack_shortlink":"https:\/\/wp.me\/P7lwlO-1M","_links":{"self":[{"href":"https:\/\/staging.bebizeit.de\/index.php?rest_route=\/wp\/v2\/pages\/110"}],"collection":[{"href":"https:\/\/staging.bebizeit.de\/index.php?rest_route=\/wp\/v2\/pages"}],"about":[{"href":"https:\/\/staging.bebizeit.de\/index.php?rest_route=\/wp\/v2\/types\/page"}],"author":[{"embeddable":true,"href":"https:\/\/staging.bebizeit.de\/index.php?rest_route=\/wp\/v2\/users\/1"}],"replies":[{"embeddable":true,"href":"https:\/\/staging.bebizeit.de\/index.php?rest_route=%2Fwp%2Fv2%2Fcomments&post=110"}],"version-history":[{"count":11,"href":"https:\/\/staging.bebizeit.de\/index.php?rest_route=\/wp\/v2\/pages\/110\/revisions"}],"predecessor-version":[{"id":9491,"href":"https:\/\/staging.bebizeit.de\/index.php?rest_route=\/wp\/v2\/pages\/110\/revisions\/9491"}],"wp:attachment":[{"href":"https:\/\/staging.bebizeit.de\/index.php?rest_route=%2Fwp%2Fv2%2Fmedia&parent=110"}],"curies":[{"name":"wp","href":"https:\/\/api.w.org\/{rel}","templated":true}]}}